7226?
2
What is the hundreds digit of 6263?
2
What is the units digit of 905?
5
What is the tens digit of 19358?
5
What is the units digit of 1169?
9
What is the thousands digit of 78607?
8
What is the hundred thousands digit of 117814?
1
What is the units digit of 1874?
4
What is the units digit of 7799?
9
What is the ten thousands digit of 73744?
7
What is the units digit of 3564?
4
What is the hundreds digit of 488?
4
What is the units digit of 61219?
9
What is the units digit of 2898?
8
What is the units digit of 226?
6
What is the hundreds digit of 99770?
7
What is the hundreds digit of 3229?
2
What is the hundreds digit of 1318?
3
What is the tens digit of 49913?
1
What is the ten thousands digit of 23754?
2
What is the tens digit of 24096?
9
What is the tens digit of 1255?
5
What is the hundreds digit of 2925?
9
What is the tens digit of 7376?
7
What is the tens digit of 8497?
9
What is the tens digit of 2064?
6
What is the tens digit of 28917?
1
What is the thousands digit of 3846?
3
What is the hundreds digit of 771?
7
What is the units digit of 26602?
2
What is the thousands digit of 1643?
1
What is the ten thousands digit of 45015?
4
What is the thousands digit of 2062?
2
What is the units digit of 32262?
2
What is the units digit of 636?
6
What is the units digit of 883?
3
What is the hundreds digit of 5316?
3
What is the tens digit of 19245?
4
What is the tens digit of 741?
4
What is the ten thousands digit of 29506?
2
What is the hundreds digit of 25481?
4
What is the thousands digit of 4874?
4
What is the units digit of 21193?
3
What is the tens digit of 389?
8
What is the hundreds digit of 304?
3
What is the hundreds digit of 2373?
3
What is the thousands digit of 4051?
4
What is the hundreds digit of 24416?
4
What is the hundreds digit of 272?
2
What is the thousands digit of 17004?
7
What is the thousands digit of 2855?
2
What is the units digit of 611?
1
What is the units digit of 134?
4
What is the ten thousands digit of 14340?
1
What is the thousands digit of 1416?
1
What is the units digit of 2956?
6
What is the hundreds digit of 26098?
0
What is the hundreds digit of 44648?
6
What is the thousands digit of 6993?
6
What is the ten thousands digit of 24122?
2
What is the tens digit of 14129?
2
What is the hundreds digit of 15882?
8
What is the thousands digit of 34903?
4
What is the hundreds digit of 54358?
3
What is the hundreds digit of 842?
8
What is the hundreds digit of 9744?
7
What is the hundreds digit of 41875?
8
What is the ten thousands digit of 67193?
6
What is the tens digit of 256?
5
What is the ten thousands digit of 116628?
1
What is the units digit of 4340?
0
What is the tens digit of 148704?
0
What is the tens digit of 834?
3
What is the hundreds digit of 21754?
7
What is the thousands digit of 1119?
1
What is the units digit of 9013?
3
What is the thousands digit of 65703?
5
What is the tens digit of 9835?
3
What is the units digit of 3001?
1
What is the hundreds digit of 404?
4
What is the tens digit of 44270?
7
What is the tens digit of 46419?
1
What is the tens digit of 2549?
4
What is the units digit of 429?
9
What is the units digit of 29672?
2
What is the hundreds digit of 1457?
4
What is the units digit of 33730?
0
What is the tens digit of 36556?
5
What is the units digit of 4193?
3
What is the thousands digit of 6858?
6
What is the units digit of 2079?
9
What is the units digit of 7260?
0
What is the hundreds digit of 54390?
3
What is the hundreds digit of 1448?
4
What is the units digit of 164062?
2
What is the hundreds digit of 915?
9
What is the units digit of 6372?
2
What is the tens digit of 4904?
0
What is the thousands digit of 3170?
3
What is the units digit of 90847?
7
What is the tens digit of 2514?
1
What is the ten thousands digit of 12385?
1
What is the units digit of 58054?
4
What is the tens digit of 6322?
2
What is the tens digit of 9348?
4
What is the hundreds digit of 16023?
0
What is the units digit of 15017?
7
What is the thousands digit of 32075?
2
What is the units digit of 4751?
1
What is the units digit of 970?
0
What is the tens digit of 955?
5
What is the units digit of 28496?
6
What is the units digit of 7444?
4
What is the thousands digit of 1533?
1
What is the hundreds digit of 10009?
0
What is the hundreds digit of 8371?
3
What is the units digit of 8099?
9
What is the hundreds digit of 3144?
1
What is the units digit of 7574?
4
What is the thousands digit of 2041?
2
What is the ten thousands digit of 81254?
8
What is the tens digit of 100545?
4
What is the hundreds digit of 6043?
0
What is the thousands digit of 1109?
1
What is the thousands digit of 4036?
4
What is the units digit of 6899?
9
What is the ten thousands digit of 24429?
2
What is the hundreds digit of 28156?
1
What is the units digit of 464?
4
What is the hundreds digit of 11619?
6
What is the hundreds digit of 170710?
7
What is the tens digit of 8177?
7
What is the tens digit of 2571?
7
What is the hundreds digit of 1602?
6
What is the thousands digit of 4134?
4
What is the hundreds digit of 131595?
5
What is the thousands digit of 15521?
5
What is the hundreds digit of 19366?
3
What is the ten thousands digit of 69759?
6
What is the tens digit of 7738?
3
What is the tens digit of 45335?
3
What is the thousands digit of 63627?
3
What is the units digit of 7259?
9
What is the units digit of 61?
1
What is the tens digit of 145295?
9
What is the units digit of 3121?
1
What is the thousands digit of 3343?
3
What is the tens digit of 3695?
9
What is the tens digit of 9772?
7
What is the units digit of 4042?
2
What is the thousands digit of 30023?
0
What is the thousands digit of 1426?
1
What is the tens digit of 1351?
5
What is the units digit of 29340?
0
What is the hundreds digit of 1742?
7
What is the units digit of 1159?
9
What is the ten thousands digit of 107006?
0
What is the tens digit of 32791?
9
What is the hundreds digit of 588?
5
What is the thousands digit of 7497?
7
What is the tens digit of 1176?
7
What is the tens digit of 57209?
0
What is the ten thousands digit of 20437?
2
What is the tens digit of 632?
3
What is the tens digit of 111?
1
What is the units digit of 2198?
8
What is the thousands digit of 90040?
0
What is the units digit of 7201?
1
What is the hundreds digit of 227?
2
What is the units digit of 60863?
3
What is the thousands digit of 20564?
0
What is the thousands digit of 6521?
6
What is the units digit of 167?
7
What is the tens digit of 400?
0
What is the thousands digit of 3181?
3
What is the ten thousands digit of 15095?
1
What is the tens digit of 122?
2
What is the units digit of 201?
1
What is the tens digit of 1404?
0
What is the thousands digit of 29578?
9
What is the tens digit of 4411?
1
What is the units digit of 3434?
4
What is the hundreds digit of 1643?
6
What is the ten thousands digit of 90551?
9
What is the tens digit of 17538?
3
What is the hundreds digit of 31468?
4
What is the ten thousands digit of 15244?
1
What is the tens digit of 6706?
0
What is the thousands digit of 14574?
4
What is the ten thousands digit of 50012?
5
What is the thousands digit of 35412?
5
What is the units digit of 650?
0
What is the thousands digit of 1144?
1
What is the units digit of 34477?
7
What is the units digit of 52728?
8
What is the units digit of 3446?
6
What is the hundred thousands digit of 121299?
1
What is the tens digit of 958?
5
What is the tens digit of 90161?
6
What is the thousands digit of 1057?
1
What is the hundreds digit of 3127?
1
What is the units digit of 1716?
6
What is the thousands digit of 6833?
6
What is the units digit of 446?
6
What is the units digit of 209?
9
What is the ten thousands digit of 10305?
1
What is the tens digit of 836?
3
What is the ten thousands digit of 15049?
1
What is the units digit of 13255?
5
What is the units digit of 14990?
0
What is the units digit of 415?
5
What is the thousands digit of 86641?
6
What is the tens digit of 7876?
7
What is the units digit of 4298?
8
What is the hundreds digit of 368?
3
What is the tens digit of 551?
5
What is the hundreds digit of 23686?
6
What is the hundreds digit of 1020?
0
What is the hundreds digit of 1766?
7
What is the units digit of 2145?
5
What is the tens digit of 483?
8
W